ided by 22?
20
Suppose 2*d + 21 = 79. Let p = 33 - 18. Calculate the remainder when d is divided by p.
14
Suppose -1 = -5*l + 9. Let v be (-3 + (-21)/(-6))*l. Let q(j) = 7*j**3 - 1. Calculate the remainder when 21 is divided by q(v).
3
Let o(z) = z**3 + 17*z**2 - 19*z - 14. Calculate the remainder when 8 is divided by o(-18).
0
Suppose 5*y + 0 = -10. What is the remainder when 18 is divided by -1 + y - (-4 - 4)?
3
Suppose 5*k + 0*j - 42 = -j, -4*k + 21 = 5*j. Calculate the remainder when 33 is divided by (-1)/((2/k)/(-2)).
6
Let u = 28 + 31. What is the remainder when u is divided by 15?
14
Suppose 33 + 126 = 3*t. Calculate the remainder when t is divided by 9.
8
What is the remainder when 8/(4/80*4) is divided by 11?
7
Suppose 2*q = 42 - 16. Let v = -85 + 157. Suppose -2*m + v = -0*m. Calculate the remainder when m is divided by q.
10
Let l = 16 + -10. Let v(u) = 2*u**2 - 7*u - 6. What is the remainder when 47 is divided by v(l)?
23
Calculate the remainder when (-4)/((-40)/(-65))*-14 is divided by 46.
45
What is the remainder when 20 is divided by (28 + -30)/(2/(-11))?
9
Suppose -3*m + 38 = -1. What is the remainder when 115 is divided by m?
11
Let u = 58 + -39. Let v = -11 + u. What is the remainder when -2 + 23 - (0 - 0) is divided by v?
5
Suppose 10*j = 5*j + 90. Calculate the remainder when 48 is divided by j.
12
Let r be (8 - 0)*(-1)/(-2). Suppose 3*p - 5*l - 2 = 87, 4*p = -r*l + 140. Calculate the remainder when p is divided by 7.
5
Let d(q) = 49*q - 5. What is the remainder when d(1) is divided by 7?
2
Suppose 6*w - 10 = 4*w. What is the remainder when 14 is divided by w?
4
Let l(x) = 6*x - 3. Let r be l(2). Suppose r*m - 70 = 4*m. Let j = -40 + 80. What is the remainder when j is divided by m?
12
Let s(i) = i**3 - 7*i**2 - 7*i - 5. What is the remainder when s(8) is divided by 2?
1
Let g(d) = 4*d + 1. Calculate the remainder when g(3) is divided by 8.
5
Suppose 0 = 3*l - 37 - 11. What is the remainder when 41 is divided by l?
9
What is the remainder when (14/6 + -1)/(4/102) is divided by 5?
4
Suppose -4*x + 3*i + 34 = 0, -2*x - 3*i + 0*i = -8. Suppose 0 = 5*s - 52 + x. Calculate the remainder when 16 is divided by s.
7
Suppose -r = 3*q - 17, -2*r + 11 + 17 = 4*q. Calculate the remainder when 22 is divided by r.
6
Calculate the remainder when 38 is divided by (-21 + 24)/(2*1/14).
17
Let s(p) = 2*p. Suppose 4*v = -5*m - 15 + 63, -4*m + 18 = 2*v. What is the remainder when v is divided by s(3)?
5
Let i(z) = z**2 + 15. Let k be i(0). Let m = k - 11. Calculate the remainder when (-2)/8 + (-29)/(-4) is divided by m.
3
Suppose 0 = 2*x + 4*p + 10, -x = -3*x - 2*p - 14. Let v be (-3)/x + 83/3. Calculate the remainder when (v/(-35))/((-4)/170) is divided by 12.
10
Let h be ((-15)/(-4))/((-3)/(-12)). Suppose 3*k - 36 = h. What is the remainder when 32 is divided by k?
15
Let r be 320/(-5) + 2/(-2). Let v = -43 - r. What is the remainder when v is divided by 8?
6
Let r = -95 - -177. Calculate the remainder when r is divided by 17.
14
Suppose 2*s - 67 = -9. Suppose 93 = d + s. What is the remainder when d is divided by 22?
20
Suppose 2*n - 238 - 38 = -4*q, 3*n = 4*q - 296. What is the remainder when q is divided by 12?
11
Suppose -5*g = -2*g - 6. Suppose 7 = g*p - 3. What is the remainder when 11 is divided by p?
1
Let m(a) = 22*a**3 - 3*a**2 - 4*a. Calculate the remainder when m(2) is divided by 53.
50
Suppose -4*w = 2*c - 92, 2*w + 3*w = 3*c + 104. Calculate the remainder when w is divided by 8.
6
Let c = -1 + 20. Suppose -80 - 7 = -2*s + 5*q, 51 = s - 5*q. What is the remainder when s is divided by c?
17
Suppose -43 = -2*d + 27. What is the remainder when d is divided by 19?
16
Let w = 37 + -16. Calculate the remainder when w is divided by 6.
3
Let o = -5 + 3. Let z = o + 20. What is the remainder when z is divided by 5?
3
Let f(o) = o**3 + 7*o**2 + 4*o - 6. Calculate the remainder when 75 is divided by f(-4).
23
Suppose -3*r + 4*s + 91 = 0, 50 = 2*r + 5*s - 26. Let p(b) = b + 129. Let k be p(0). Suppose -5*d - 44 = -k. Calculate the remainder when r is divided by d.
16
Let q = -35 + 73. What is the remainder when q is divided by 13?
12
Let l = 56 - 47. Calculate the remainder when 35 is divided by l.
8
Let n(h) = -5*h + 6. Let r be n(-6). Suppose -i = -0*i - r. Suppose -d + 6 = -13. Calculate the remainder when i is divided by d.
17
Let j be (-5)/((-10)/(-8)) - -1. Let g(t) = -2*t**3 - t**2 - 2*t - 4. Let m be g(j). Suppose -2*h + m - 19 = 0. What is the remainder when h is divided by 5?
4
Let n be (-1)/((-2)/5)*2. Let m = n + -1. Suppose 84 = 6*b - m*b. Calculate the remainder when b is divided by 15.
12
Let y(w) be the second derivative of w**3/2 - 2*w**2 - 4*w. What is the remainder when ((-18)/(-4))/((-2)/(-4)) is divided by y(3)?
4
Suppose -3*n - 547 = -4*n - 2*p, 0 = -4*n - p + 2167. Suppose -5*d + 559 + n = 0. Calculate the remainder when 6/5*d/6 is divided by 15.
14
What is the remainder when 77 is divided by 3/(114/(-40) - -3)?
17
Suppose -95 + 5 = -5*f. Calculate the remainder when 69 is divided by f.
15
Let o(t) = -3*t - 1. Suppose -r + 1 = -2, -9 = -3*s - 4*r. Let d = 0 - -1. Calculate the remainder when o(s) is divided by d.
0
Let x(l) = -l**3 - 3*l**2 - l + 2. Let j be x(-2). Let z(p) = p**2 - 2*p**2 - 6 + 8*p + j*p**2. What is the remainder when 11 is divided by z(6)?
5
Suppose 6*m - 189 = -3*m. What is the remainder when (-2)/7 - (-872)/14 is divided by m?
20
Suppose 5*n = -4*b - 29, 0*b + 4*n = 2*b - 18. Let v(o) = o**3 + o. Let u be v(b). Calculate the remainder when ((-28)/(-5))/(u/(-10)) is divided by 10.
8
What is the remainder when 25 is divided by (-82)/(-12) + (-5)/(-30)?
4
Suppose l + 5 = 3. Let v(n) = -n + 12. What is the remainder when v(0) is divided by (l/4)/((-6)/84)?
5
Suppose -20*f + 329 = -371. What is the remainder when 243 is divided by f?
33
Let f = 44 - 38. Calculate the remainder when 11 is divided by f.
5
Calculate the remainder when 2/(-9) - (455/(-63) - 4) is divided by 2.
1
Suppose 7 - 1 = 3*w. Suppose -2*k + 48 = w*k. What is the remainder when 35 is divided by k?
11
Let t be (4/(-10))/(1/(-5)). Suppose 8 = t*c + 6. Let b(r) = -r - 3. What is the remainder when c is divided by b(-4)?
0
Let b = 65 + -44. Suppose 0*f - 2*f + 24 = 0. What is the remainder when b is divided by f?
9
Suppose -3*v - 100 = -4*w, 0 = 5*w - 0*w + 4*v - 125. Let g = w - 19. What is the remainder when g is divided by 2?
0
Let t(y) = -3*y**2 + 2*y - 1. Let g be t(1). Let l be g - (-26 - (2 + -1)). Suppose 4*j - l = 31. Calculate the remainder when j is divided by 5.
4
Let z = 263 - 176. Suppose -z = -3*f + 3. Calculate the remainder when f is divided by 16.
14
Suppose -t + 60 = 3*x, 2*t - 87 + 24 = -3*x. What is the remainder when x is divided by (10/4)/((-1)/(-4))?
9
Suppose 5*a = -i + 43, 5*i + 28 + 0 = 2*a. What is the remainder when 35 is divided by a?
8
Calculate the remainder when (65/20)/(2/8) is divided by 8.
5
Suppose 4*x + 3*t - 31 - 149 = 0, 5*t = 0. Calculate the remainder when x is divided by 12.
9
Let v(o) = -o**3 + 24*o**2 - 17*o - 75. Suppose 3*j = -2*j + 110. What is the remainder when v(23) is divided by j?
19
Let h(p) = 5*p + p**2 - 2 - 3 + 5*p. Let t be h(-9). Let a = 0 - t. What is the remainder when a is divided by 8?
6
Suppose 0 = 3*n - 2*f - 108, -n + f = 9 - 44. Calculate the remainder when n is divided by 22.
16
Suppose 5*d = -0*u + 4*u - 139, -4*u + 142 = -2*d. Let k = u - 19. Calculate the remainder when k is divided by 26/4 - 2/4.
5
Suppose 3*q - 14 = 10. What is the remainder when 22 is divided by q?
6
Suppose -h = h - 4. Suppose 0 = 3*o - 5*r - 209 + 49, 0 = -3*o + h*r + 163. Calculate the remainder when o is divided by ((-6)/(-9))/(2/42).
13
Let l(z) = z**3 - 3*z**2 + z - 2. Calculate the remainder when l(4) is divided by 5.
3
Suppose 0 = 6*u - 9*u - 3. Calculate the remainder when u + (23 - 1) + -3 is divided by 7.
4
Let l = 2 - 0. Suppose d + 3 = -4*t, 12 = -l*t - 2*t. Calculate the remainder when d is divided by 4.
1
Let i = -114 - -279. Calculate the remainder when i is divided by 42.
39
Let p = -19 - -72. What is the remainder when p is divided by 11?
9
Suppose q + 25 = -23. Let y = 1 - 0. What is the remainder when ((-1)/2)/(8/q) is divided by y?
0
Let c(x) = 2*x + 17 - 17. Calculate the 